{"id":4,"date":"2016-07-09T12:49:19","date_gmt":"2016-07-09T12:49:19","guid":{"rendered":"http:\/\/together-am-fuerberg.de\/?page_id=4"},"modified":"2024-06-10T15:37:27","modified_gmt":"2024-06-10T13:37:27","slug":"herzlich-willkommen-bei-der-staedtischen-integrativen-kindertageseinrichtung-fuerberg-e-v","status":"publish","type":"page","link":"https:\/\/together-am-fuerberg.de\/","title":{"rendered":"Herzlich Willkommen bei der st\u00e4dtischen integrativen Kindertageseinrichtung F\u00fcrberg e.V."},"content":{"rendered":"<p>Auf unserer Website erhalten Sie einen kleinen Einblick in die facettenreiche F\u00fcrberger Kita Welt<\/p>\n<p>Wir w\u00fcnschen Ihnen viel Spa\u00df beim St\u00f6bern.<\/p>\n<p>P.S.: Haben wir nun Ihr Interesse geweckt? Und Sie m\u00f6chten uns pers\u00f6nlich kennenlernen? Kein Problem!<\/p>\n<p>Eine Hospitation ist, nach vorheriger Terminabsprache, gerne m\u00f6glich!<\/p>\n<p>Also rufen Sie uns ruhig an!<\/p>\n","protected":false},"excerpt":{"rendered":"<p>Auf unserer Website erhalten Sie einen kleinen Einblick in die facettenreiche F\u00fcrberger Kita Welt Wir w\u00fcnschen Ihnen viel Spa\u00df beim St\u00f6bern. P.S.: Haben wir nun Ihr Interesse geweckt? Und Sie &hellip; <a href=\"https:\/\/together-am-fuerberg.de\/\" class=\"more-link\"><span class=\"screen-reader-text\">Herzlich Willkommen bei der st\u00e4dtischen integrativen Kindertageseinrichtung F\u00fcrberg e.V.<\/span> weiterlesen <span class=\"meta-nav\">&rarr;<\/span><\/a><\/p>\n","protected":false},"author":1,"featured_media":0,"parent":0,"menu_order":0,"comment_status":"closed","ping_status":"closed","template":"","meta":[],"_links":{"self":[{"href":"https:\/\/together-am-fuerberg.de\/index.php?rest_route=\/wp\/v2\/pages\/4"}],"collection":[{"href":"https:\/\/together-am-fuerberg.de\/index.php?rest_route=\/wp\/v2\/pages"}],"about":[{"href":"https:\/\/together-am-fuerberg.de\/index.php?rest_route=\/wp\/v2\/types\/page"}],"author":[{"embeddable":true,"href":"https:\/\/together-am-fuerberg.de\/index.php?rest_route=\/wp\/v2\/users\/1"}],"replies":[{"embeddable":true,"href":"https:\/\/together-am-fuerberg.de\/index.php?rest_route=%2Fwp%2Fv2%2Fcomments&post=4"}],"version-history":[{"count":8,"href":"https:\/\/together-am-fuerberg.de\/index.php?rest_route=\/wp\/v2\/pages\/4\/revisions"}],"predecessor-version":[{"id":2899,"href":"https:\/\/together-am-fuerberg.de\/index.php?rest_route=\/wp\/v2\/pages\/4\/revisions\/2899"}],"wp:attachment":[{"href":"https:\/\/together-am-fuerberg.de\/index.php?rest_route=%2Fwp%2Fv2%2Fmedia&parent=4"}],"curies":[{"name":"wp","href":"https:\/\/api.w.org\/{rel}","templated":true}]}}