{"id":122,"date":"2016-05-27T18:27:53","date_gmt":"2016-05-27T18:27:53","guid":{"rendered":"http:\/\/together-am-fuerberg.bkretschmann.de\/?page_id=122"},"modified":"2021-01-26T12:36:47","modified_gmt":"2021-01-26T12:36:47","slug":"foerderung-der-sozialen-kompetenz","status":"publish","type":"page","link":"https:\/\/together-am-fuerberg.de\/?page_id=122","title":{"rendered":"F\u00f6rderung der sozialen Kompetenz"},"content":{"rendered":"<p>F\u00fcreinander einstehen und in einer Gemeinschaft zusammenzuwachsen. Sich verbunden zu f\u00fchlen aber auch R\u00fccksichtnahme zu erlernen. Als Individuum gesehen zu werden und auch den Gegen\u00fcber als solches wahrzunehmen. Aus dem <strong>Ich<\/strong> wird ein <strong>Wir<\/strong> und bleibt dennoch ein<strong> Ich<\/strong>, daf\u00fcr stehen wir.<\/p>\n<div class='polaroid-gallery galleryid-122' style='width:510px;'>\n\t\t\t<a href=\"https:\/\/together-am-fuerberg.de\/wp-content\/uploads\/2016\/07\/soziale-kompetenz-2-1024x768.jpg\" title=\"Komm ich zeige dir, wie man Seifenblasen macht\" rel=\"polaroid_1541035454\" class=\"polaroid-gallery-item showcaption\"><span class=\"polaroid-gallery-image\" title=\"\" style=\"background-image: url(https:\/\/together-am-fuerberg.de\/wp-content\/uploads\/2016\/07\/soziale-kompetenz-2-150x150.jpg); width: 150px; height: 150px;\"><\/span><\/a>\n\t\t\t<a href=\"https:\/\/together-am-fuerberg.de\/wp-content\/uploads\/2016\/07\/soziale-kompetenz-1-1024x768.jpg\" title=\"Gemeinsam bekommen wir die Schaukel in Schwung\" rel=\"polaroid_1541035454\" class=\"polaroid-gallery-item showcaption\"><span class=\"polaroid-gallery-image\" title=\"\" style=\"background-image: url(https:\/\/together-am-fuerberg.de\/wp-content\/uploads\/2016\/07\/soziale-kompetenz-1-150x150.jpg); width: 150px; height: 150px;\"><\/span><\/a>\n\t\t\t<a href=\"https:\/\/together-am-fuerberg.de\/wp-content\/uploads\/2016\/11\/Mit-vereinten-Kr\u00e4ften-gelingt-es-1024x683.jpg\" title=\"Mit vereinten Kr\u00e4ften gelingt es\" rel=\"polaroid_1541035454\" class=\"polaroid-gallery-item showcaption\"><span class=\"polaroid-gallery-image\" title=\"\" style=\"background-image: url(https:\/\/together-am-fuerberg.de\/wp-content\/uploads\/2016\/11\/Mit-vereinten-Kr\u00e4ften-gelingt-es-150x150.jpg); width: 150px; height: 150px;\"><\/span><\/a>\n\t\t\t<br style=\"clear: both;\" \/>\n\t\t\t<a href=\"https:\/\/together-am-fuerberg.de\/wp-content\/uploads\/2017\/11\/Wir-arbeiten-Hand-in-Hand-im-Team-768x1024.jpg\" title=\"Wir arbeiten Hand in Hand im Team\" rel=\"polaroid_1541035454\" class=\"polaroid-gallery-item showcaption\"><span class=\"polaroid-gallery-image\" title=\"\" style=\"background-image: url(https:\/\/together-am-fuerberg.de\/wp-content\/uploads\/2017\/11\/Wir-arbeiten-Hand-in-Hand-im-Team-150x150.jpg); width: 150px; height: 150px;\"><\/span><\/a>\n\t\t\t<a href=\"https:\/\/together-am-fuerberg.de\/wp-content\/uploads\/2018\/05\/Gemeinsam-bemalen-wir-das-Kissen-von-Frau-Holle-1024x768.jpg\" title=\"Gemeinsam bemalen wir das Kissen von Frau Holle\" rel=\"polaroid_1541035454\" class=\"polaroid-gallery-item showcaption\"><span class=\"polaroid-gallery-image\" title=\"\" style=\"background-image: url(https:\/\/together-am-fuerberg.de\/wp-content\/uploads\/2018\/05\/Gemeinsam-bemalen-wir-das-Kissen-von-Frau-Holle-150x150.jpg); width: 150px; height: 150px;\"><\/span><\/a>\n\t\t\t<a href=\"https:\/\/together-am-fuerberg.de\/wp-content\/uploads\/2018\/04\/Hand-in-Hand-geht-die-Eselwanderung-los-1024x768.jpg\" title=\"Hand in Hand geht die Eselwanderung los\" rel=\"polaroid_1541035454\" class=\"polaroid-gallery-item showcaption\"><span class=\"polaroid-gallery-image\" title=\"\" style=\"background-image: url(https:\/\/together-am-fuerberg.de\/wp-content\/uploads\/2018\/04\/Hand-in-Hand-geht-die-Eselwanderung-los-150x150.jpg); width: 150px; height: 150px;\"><\/span><\/a>\n\t\t\t<br style=\"clear: both;\" \/>\n\t\t\t<a href=\"https:\/\/together-am-fuerberg.de\/wp-content\/uploads\/2018\/02\/Heute-hatten-wir-wieder-tierisch-tollen-Besuch-von-Lila-1024x768.jpg\" title=\"Heute hatten wir wieder tierisch tollen Besuch von Lila\" rel=\"polaroid_1541035454\" class=\"polaroid-gallery-item showcaption\"><span class=\"polaroid-gallery-image\" title=\"\" style=\"background-image: url(https:\/\/together-am-fuerberg.de\/wp-content\/uploads\/2018\/02\/Heute-hatten-wir-wieder-tierisch-tollen-Besuch-von-Lila-150x150.jpg); width: 150px; height: 150px;\"><\/span><\/a>\n\t\t\t<a href=\"https:\/\/together-am-fuerberg.de\/wp-content\/uploads\/2017\/10\/Unser-F\u00fcrberger-Teich.jpg\" title=\"Unser F\u00fcrberger Teich\" rel=\"polaroid_1541035454\" class=\"polaroid-gallery-item showcaption\"><span class=\"polaroid-gallery-image\" title=\"\" style=\"background-image: url(https:\/\/together-am-fuerberg.de\/wp-content\/uploads\/2017\/10\/Unser-F\u00fcrberger-Teich-150x150.jpg); width: 150px; height: 150px;\"><\/span><\/a>\n\t\t\t<a href=\"https:\/\/together-am-fuerberg.de\/wp-content\/uploads\/2019\/01\/Gute-Freunde-helfen-sich-gegenseitig.jpg\" title=\"Gute Freunde helfen sich gegenseitig\" rel=\"polaroid_1541035454\" class=\"polaroid-gallery-item showcaption\"><span class=\"polaroid-gallery-image\" title=\"\" style=\"background-image: url(https:\/\/together-am-fuerberg.de\/wp-content\/uploads\/2019\/01\/Gute-Freunde-helfen-sich-gegenseitig-150x150.jpg); width: 150px; height: 150px;\"><\/span><\/a>\n\t\t\t<br style=\"clear: both;\" \/>\n\t\t\t<a href=\"https:\/\/together-am-fuerberg.de\/wp-content\/uploads\/2019\/01\/Ich-zeige-den-Gro\u00dfen-mal-wie-man-sich-anzieht-1024x768.jpg\" title=\"Ich zeige den Gro\u00dfen mal, wie man sich anzieht\" rel=\"polaroid_1541035454\" class=\"polaroid-gallery-item showcaption\"><span class=\"polaroid-gallery-image\" title=\"\" style=\"background-image: url(https:\/\/together-am-fuerberg.de\/wp-content\/uploads\/2019\/01\/Ich-zeige-den-Gro\u00dfen-mal-wie-man-sich-anzieht-150x150.jpg); width: 150px; height: 150px;\"><\/span><\/a>\n\t\t\t<a href=\"https:\/\/together-am-fuerberg.de\/wp-content\/uploads\/2019\/02\/Die-Gro\u00dfen-helfen-gerne-den-j\u00fcngeren-Kindern-1024x692.jpg\" title=\"Die Gro\u00dfen helfen gerne den j\u00fcngeren Kindern\" rel=\"polaroid_1541035454\" class=\"polaroid-gallery-item showcaption\"><span class=\"polaroid-gallery-image\" title=\"\" style=\"background-image: url(https:\/\/together-am-fuerberg.de\/wp-content\/uploads\/2019\/02\/Die-Gro\u00dfen-helfen-gerne-den-j\u00fcngeren-Kindern-150x150.jpg); width: 150px; height: 150px;\"><\/span><\/a>\n\t\t\t<a href=\"https:\/\/together-am-fuerberg.de\/wp-content\/uploads\/2021\/01\/Gemeinsam-sind-wir-spitze-und-haben-das-Puzzle-in-Windeseile-geschafft-1024x768.jpg\" title=\"Gemeinsam sind wir spitze und haben das Puzzle in Windeseile geschafft\" rel=\"polaroid_1541035454\" class=\"polaroid-gallery-item showcaption\"><span class=\"polaroid-gallery-image\" title=\"\" style=\"background-image: url(https:\/\/together-am-fuerberg.de\/wp-content\/uploads\/2021\/01\/Gemeinsam-sind-wir-spitze-und-haben-das-Puzzle-in-Windeseile-geschafft-150x150.jpg); width: 150px; height: 150px;\"><\/span><\/a>\n\t\t\t<br style=\"clear: both;\" \/>\n\t\t\t<a href=\"https:\/\/together-am-fuerberg.de\/wp-content\/uploads\/2020\/12\/Schau-mal-unsere-gebaute-Stadt-768x1024.jpg\" title=\"Schau mal, unsere gebaute Stadt\" rel=\"polaroid_1541035454\" class=\"polaroid-gallery-item showcaption\"><span class=\"polaroid-gallery-image\" title=\"\" style=\"background-image: url(https:\/\/together-am-fuerberg.de\/wp-content\/uploads\/2020\/12\/Schau-mal-unsere-gebaute-Stadt-150x150.jpg); width: 150px; height: 150px;\"><\/span><\/a>\n\t\t\t<a href=\"https:\/\/together-am-fuerberg.de\/wp-content\/uploads\/2020\/12\/Das-Essen-ist-angerichtet-1024x768.jpg\" title=\"Das Essen ist angerichtet\" rel=\"polaroid_1541035454\" class=\"polaroid-gallery-item showcaption\"><span class=\"polaroid-gallery-image\" title=\"\" style=\"background-image: url(https:\/\/together-am-fuerberg.de\/wp-content\/uploads\/2020\/12\/Das-Essen-ist-angerichtet-150x150.jpg); width: 150px; height: 150px;\"><\/span><\/a>\n\t\t\t<br style=\"clear: both;\" \/><\/div>\n\n","protected":false},"excerpt":{"rendered":"<p>F\u00fcreinander einstehen und in einer Gemeinschaft zusammenzuwachsen. Sich verbunden zu f\u00fchlen aber auch R\u00fccksichtnahme zu erlernen. Als Individuum gesehen zu werden und auch den Gegen\u00fcber als solches wahrzunehmen. Aus dem &hellip; <a href=\"https:\/\/together-am-fuerberg.de\/?page_id=122\" class=\"more-link\"><span class=\"screen-reader-text\">F\u00f6rderung der sozialen Kompetenz<\/span> weiterlesen <span class=\"meta-nav\">&rarr;<\/span><\/a><\/p>\n","protected":false},"author":1,"featured_media":0,"parent":61,"menu_order":3,"comment_status":"closed","ping_status":"closed","template":"","meta":[],"_links":{"self":[{"href":"https:\/\/together-am-fuerberg.de\/index.php?rest_route=\/wp\/v2\/pages\/122"}],"collection":[{"href":"https:\/\/together-am-fuerberg.de\/index.php?rest_route=\/wp\/v2\/pages"}],"about":[{"href":"https:\/\/together-am-fuerberg.de\/index.php?rest_route=\/wp\/v2\/types\/page"}],"author":[{"embeddable":true,"href":"https:\/\/together-am-fuerberg.de\/index.php?rest_route=\/wp\/v2\/users\/1"}],"replies":[{"embeddable":true,"href":"https:\/\/together-am-fuerberg.de\/index.php?rest_route=%2Fwp%2Fv2%2Fcomments&post=122"}],"version-history":[{"count":6,"href":"https:\/\/together-am-fuerberg.de\/index.php?rest_route=\/wp\/v2\/pages\/122\/revisions"}],"predecessor-version":[{"id":2030,"href":"https:\/\/together-am-fuerberg.de\/index.php?rest_route=\/wp\/v2\/pages\/122\/revisions\/2030"}],"up":[{"embeddable":true,"href":"https:\/\/together-am-fuerberg.de\/index.php?rest_route=\/wp\/v2\/pages\/61"}],"wp:attachment":[{"href":"https:\/\/together-am-fuerberg.de\/index.php?rest_route=%2Fwp%2Fv2%2Fmedia&parent=122"}],"curies":[{"name":"wp","href":"https:\/\/api.w.org\/{rel}","templated":true}]}}

Förderung der sozialen Kompetenz

<p>Füreinander einstehen und in einer Gemeinschaft zusammenzuwachsen. Sich verbunden zu fühlen aber auch Rücksichtnahme zu erlernen. Als Individuum gesehen zu werden und auch den Gegenüber als solches wahrzunehmen. Aus dem <strong>Ich</strong> wird ein <strong>Wir</strong> und bleibt dennoch ein<strong> Ich</strong>, dafür stehen wir.</p>
<div class='polaroid-gallery galleryid-122' style='width:510px;'>
			<a href="https://together-am-fuerberg.de/wp-content/uploads/2016/07/soziale-kompetenz-2-1024x768.jpg" title="Komm ich zeige dir, wie man Seifenblasen macht" rel="polaroid_1541035454" class="polaroid-gallery-item showcaption"><span class="polaroid-gallery-image" title="" style="background-image: url(https://together-am-fuerberg.de/wp-content/uploads/2016/07/soziale-kompetenz-2-150x150.jpg); width: 150px; height: 150px;"></span></a>
			<a href="https://together-am-fuerberg.de/wp-content/uploads/2016/07/soziale-kompetenz-1-1024x768.jpg" title="Gemeinsam bekommen wir die Schaukel in Schwung" rel="polaroid_1541035454" class="polaroid-gallery-item showcaption"><span class="polaroid-gallery-image" title="" style="background-image: url(https://together-am-fuerberg.de/wp-content/uploads/2016/07/soziale-kompetenz-1-150x150.jpg); width: 150px; height: 150px;"></span></a>
			<a href="https://together-am-fuerberg.de/wp-content/uploads/2016/11/Mit-vereinten-Kräften-gelingt-es-1024x683.jpg" title="Mit vereinten Kräften gelingt es" rel="polaroid_1541035454" class="polaroid-gallery-item showcaption"><span class="polaroid-gallery-image" title="" style="background-image: url(https://together-am-fuerberg.de/wp-content/uploads/2016/11/Mit-vereinten-Kräften-gelingt-es-150x150.jpg); width: 150px; height: 150px;"></span></a>
			<br style="clear: both;" />
			<a href="https://together-am-fuerberg.de/wp-content/uploads/2017/11/Wir-arbeiten-Hand-in-Hand-im-Team-768x1024.jpg" title="Wir arbeiten Hand in Hand im Team" rel="polaroid_1541035454" class="polaroid-gallery-item showcaption"><span class="polaroid-gallery-image" title="" style="background-image: url(https://together-am-fuerberg.de/wp-content/uploads/2017/11/Wir-arbeiten-Hand-in-Hand-im-Team-150x150.jpg); width: 150px; height: 150px;"></span></a>
			<a href="https://together-am-fuerberg.de/wp-content/uploads/2018/05/Gemeinsam-bemalen-wir-das-Kissen-von-Frau-Holle-1024x768.jpg" title="Gemeinsam bemalen wir das Kissen von Frau Holle" rel="polaroid_1541035454" class="polaroid-gallery-item showcaption"><span class="polaroid-gallery-image" title="" style="background-image: url(https://together-am-fuerberg.de/wp-content/uploads/2018/05/Gemeinsam-bemalen-wir-das-Kissen-von-Frau-Holle-150x150.jpg); width: 150px; height: 150px;"></span></a>
			<a href="https://together-am-fuerberg.de/wp-content/uploads/2018/04/Hand-in-Hand-geht-die-Eselwanderung-los-1024x768.jpg" title="Hand in Hand geht die Eselwanderung los" rel="polaroid_1541035454" class="polaroid-gallery-item showcaption"><span class="polaroid-gallery-image" title="" style="background-image: url(https://together-am-fuerberg.de/wp-content/uploads/2018/04/Hand-in-Hand-geht-die-Eselwanderung-los-150x150.jpg); width: 150px; height: 150px;"></span></a>
			<br style="clear: both;" />
			<a href="https://together-am-fuerberg.de/wp-content/uploads/2018/02/Heute-hatten-wir-wieder-tierisch-tollen-Besuch-von-Lila-1024x768.jpg" title="Heute hatten wir wieder tierisch tollen Besuch von Lila" rel="polaroid_1541035454" class="polaroid-gallery-item showcaption"><span class="polaroid-gallery-image" title="" style="background-image: url(https://together-am-fuerberg.de/wp-content/uploads/2018/02/Heute-hatten-wir-wieder-tierisch-tollen-Besuch-von-Lila-150x150.jpg); width: 150px; height: 150px;"></span></a>
			<a href="https://together-am-fuerberg.de/wp-content/uploads/2017/10/Unser-Fürberger-Teich.jpg" title="Unser Fürberger Teich" rel="polaroid_1541035454" class="polaroid-gallery-item showcaption"><span class="polaroid-gallery-image" title="" style="background-image: url(https://together-am-fuerberg.de/wp-content/uploads/2017/10/Unser-Fürberger-Teich-150x150.jpg); width: 150px; height: 150px;"></span></a>
			<a href="https://together-am-fuerberg.de/wp-content/uploads/2019/01/Gute-Freunde-helfen-sich-gegenseitig.jpg" title="Gute Freunde helfen sich gegenseitig" rel="polaroid_1541035454" class="polaroid-gallery-item showcaption"><span class="polaroid-gallery-image" title="" style="background-image: url(https://together-am-fuerberg.de/wp-content/uploads/2019/01/Gute-Freunde-helfen-sich-gegenseitig-150x150.jpg); width: 150px; height: 150px;"></span></a>
			<br style="clear: both;" />
			<a href="https://together-am-fuerberg.de/wp-content/uploads/2019/01/Ich-zeige-den-Großen-mal-wie-man-sich-anzieht-1024x768.jpg" title="Ich zeige den Großen mal, wie man sich anzieht" rel="polaroid_1541035454" class="polaroid-gallery-item showcaption"><span class="polaroid-gallery-image" title="" style="background-image: url(https://together-am-fuerberg.de/wp-content/uploads/2019/01/Ich-zeige-den-Großen-mal-wie-man-sich-anzieht-150x150.jpg); width: 150px; height: 150px;"></span></a>
			<a href="https://together-am-fuerberg.de/wp-content/uploads/2019/02/Die-Großen-helfen-gerne-den-jüngeren-Kindern-1024x692.jpg" title="Die Großen helfen gerne den jüngeren Kindern" rel="polaroid_1541035454" class="polaroid-gallery-item showcaption"><span class="polaroid-gallery-image" title="" style="background-image: url(https://together-am-fuerberg.de/wp-content/uploads/2019/02/Die-Großen-helfen-gerne-den-jüngeren-Kindern-150x150.jpg); width: 150px; height: 150px;"></span></a>
			<a href="https://together-am-fuerberg.de/wp-content/uploads/2021/01/Gemeinsam-sind-wir-spitze-und-haben-das-Puzzle-in-Windeseile-geschafft-1024x768.jpg" title="Gemeinsam sind wir spitze und haben das Puzzle in Windeseile geschafft" rel="polaroid_1541035454" class="polaroid-gallery-item showcaption"><span class="polaroid-gallery-image" title="" style="background-image: url(https://together-am-fuerberg.de/wp-content/uploads/2021/01/Gemeinsam-sind-wir-spitze-und-haben-das-Puzzle-in-Windeseile-geschafft-150x150.jpg); width: 150px; height: 150px;"></span></a>
			<br style="clear: both;" />
			<a href="https://together-am-fuerberg.de/wp-content/uploads/2020/12/Schau-mal-unsere-gebaute-Stadt-768x1024.jpg" title="Schau mal, unsere gebaute Stadt" rel="polaroid_1541035454" class="polaroid-gallery-item showcaption"><span class="polaroid-gallery-image" title="" style="background-image: url(https://together-am-fuerberg.de/wp-content/uploads/2020/12/Schau-mal-unsere-gebaute-Stadt-150x150.jpg); width: 150px; height: 150px;"></span></a>
			<a href="https://together-am-fuerberg.de/wp-content/uploads/2020/12/Das-Essen-ist-angerichtet-1024x768.jpg" title="Das Essen ist angerichtet" rel="polaroid_1541035454" class="polaroid-gallery-item showcaption"><span class="polaroid-gallery-image" title="" style="background-image: url(https://together-am-fuerberg.de/wp-content/uploads/2020/12/Das-Essen-ist-angerichtet-150x150.jpg); width: 150px; height: 150px;"></span></a>
			<br style="clear: both;" /></div>

<p>Füreinander einstehen und in einer Gemeinschaft zusammenzuwachsen. Sich verbunden zu fühlen aber auch Rücksichtnahme zu erlernen. Als Individuum gesehen zu werden und auch den Gegenüber als solches wahrzunehmen. Aus dem &hellip; <a href="https://together-am-fuerberg.de/?page_id=122" class="more-link"><span class="screen-reader-text">Förderung der sozialen Kompetenz</span> weiterlesen <span class="meta-nav">&rarr;</span></a></p>
